
2
Let d = 24345 - -7547. What is the tens digit of d?
9
Let v(z) = -3671*z - 275. What is the thousands digit of v(-2)?
7
What is the tens digit of (-3794)/(-1) + -9 + 0?
8
Let d be 0 + (-4)/(-10) - 384223/(-655). Let q = -211 + d. What is the hundreds digit of q?
3
What is the thousands digit of ((-11 - -3) + 10)*-3*18322/(-12)?
9
Let g(z) = -z**2 + z**3 + 7 + z**2 + 8*z - 9*z**2 + 0*z**3. Let p be g(8). What is the units digit of ((-3)/4 + -1)*(-51 + p)?
7
What is the units digit of (3 + 0 - -12)*(1 - -1128)?
5
Let k(x) = 2*x**3 + 2*x**2 + 2*x - 3. Let y be k(2). Suppose -835 = -y*r + 20*r. What is the units digit of r?
7
Let o(w) = 11*w**3 - 14*w**2 + 68*w - 18. What is the thousands digit of o(14)?
8
Let z(w) = -379*w**3 - 9*w**2 + w + 72. Let n(y) = -190*y**3 - 4*y**2 + y + 34. Let b(p) = 13*n(p) - 6*z(p). What is the tens digit of b(-2)?
7
Let r(c) = 317*c - 64. Let w be r(-15). Let j = -3175 - w. What is the hundreds digit of j?
6
Suppose 0 = -0*h - h + 2, 116 = s - h. Suppose -5*y + 3*y + s = 0. Suppose 0 = t - y - 20. What is the tens digit of t?
7
Let y(h) = 7 + 4*h**2 - 16 - h**3 + 9 - 5*h + 11. Let u be y(3). Suppose u*c - 329 = 4*z, 257 = -2*c + 6*c + 3*z. What is the units digit of c?
5
Suppose -3*k - h = -5*k + 25079, 2*k = -2*h + 25076. What is the hundreds digit of k?
5
What is the units digit of (88/(-24) + 4)/((-4)/(-283644))?
7
Suppose 4*i + 480 = 112. Let p = i + 105. Let h(l) = -l**3 + 14*l**2 - 14*l + 19. What is the units digit of h(p)?
6
Suppose 28*x + 20 = 30*x. What is the tens digit of 1784/x + 12/(-30)?
7
Let t be ((-4)/(-14))/((-18)/(-378)). Suppose -t*k = 40 + 56. Let u(v) = -v**3 - 16*v**2 - 8*v - 23. What is the units digit of u(k)?
5
Let l(f) = -4*f + 7 - 52*f**2 + 12 + 51*f**2 + 5. Let u be l(3). Let t(q) = 3*q**3 - 5*q**2 - 3*q - 4. What is the tens digit of t(u)?
2
Suppose 2*m + 3*u - 13902 = 0, 5*m - 59*u - 34755 = -63*u. What is the hundreds digit of m?
9
Let j(l) = 11*l**2 + 3*l - 61. Let g(v) = -v**3 + 14*v**2 + 16*v - 8. Let u be g(15). What is the hundreds digit of j(u)?
4
Suppose -3*s - 6759 = -3*w, -6765 = -3*w + 28*s - 27*s. Let v = w + -1600. What is the hundreds digit of v?
6
Let l = -72 - -74. Suppose -73 - 540 = -4*g + 3*h, 2*g + l*h = 296. What is the tens digit of g?
5
Let w(t) = 23*t - 425. Let m(v) = 20*v - 424. Let z(g) = -5*m(g) + 4*w(g). What is the units digit of z(30)?
0
Suppose -4*g - 12 = 0, -3*v + 13*g + 160734 = 12*g. What is the thousands digit of v?
3
Let s(j) = j**3 + 7*j**2 - 7*j - 11. Let o be 2090/20 + (-5)/2. Let i = 106 - o. What is the hundreds digit of s(i)?
1
What is the hundreds digit of (0 - (-2)/14) + 69/(-161)*-4706?
0
Suppose -3*k - 3*j = -93972, -36*k + 3*j = -3*k - 1033620. What is the tens digit of k?
2
Suppose -5*h - 477 = -2*l, 0*l + 5*l = h + 1181. Let t = 499 - l. What is the hundreds digit of t?
2
Let b(h) = 7*h - 44. Let n(a) be the third derivative of a**4/8 - 11*a**3/3 - 11*a**2. Let l(k) = 2*b(k) - 5*n(k). What is the units digit of l(-5)?
7
Let z(g) = 638*g - 2787. What is the thousands digit of z(94)?
7
Let t = 23 + -26. Let r = t - -8. Suppose 4*p + 340 = r*n, 20 = 3*p + p. What is the tens digit of n?
7
Suppose -337*z = -339*z + 1686. Let p = z + -195. What is the hundreds digit of p?
6
Suppose 170 = 5*l + 2*f, 3*l - 121 = -3*f - 2*f. Suppose l = 3*g + 8. What is the units digit of g?
8
Let l be ((-248)/(-48) - 5)/((-1)/(-3138)). Suppose 1647 = -522*r + l*r. What is the hundreds digit of r?
6
Let h(f) = -3*f + 10. Let x be h(2). Suppose 2*s - 4 = 0, w - 167 = x*s + 291. What is the units digit of w?
6
Let n(a) = -a**3 + 55*a**2 + 26*a + 216. What is the ten thousands digit of n(51)?
1
Suppose -228 = 3*f - 3*u, -6*u + 3*u + 384 = -5*f. What is the hundreds digit of (f/12 - -6)*-852?
4
Suppose -1464691 + 3932995 = 244*m. What is the units digit of m?
6
Suppose 6301 = -502*i + 503*i - 3*b, 5*i - 31549 = 4*b. What is the thousands digit of i?
6
Let d(g) = -392*g**2 - 18*g - 32. Let k(j) = -131*j**2 - 6*j - 11. Let w(l) = -6*d(l) + 17*k(l). What is the hundreds digit of w(-1)?
1
Suppose -10*i + 43788 = 20*x - 17*x, -4*x = 16. What is the units digit of i?
0
Let u(q) = q**3 - 8*q**2 - 8*q - 5. Let r be u(9). Let c be r - 0 - (-7 - -5). Suppose 0 = -c*x + 30 + 300. What is the tens digit of x?
5
Suppose -93062 = -4*d + 2*p, -2*d - 2*p = -40000 - 6546. What is the tens digit of d?
6
Let m be (420/48)/(1/4). Suppose 0 = -2*y + 35 - m. What is the tens digit of 102*(y - (-10)/15)?
6
Let z(o) = -1. Let y(s) = -s**2 + 2*s - 8. Let v(d) = -y(d) - 2*z(d). Let q be v(-5). Suppose -48*b + q*b = -315. What is the hundreds digit of b?
1
Suppose -222*t + 61537 = -215*t. Suppose 5*x + 931 = 5*l + t, 3*l = -15. What is the thousands digit of x?
1
Let z(f) = -13*f - 63. Let m be z(-6). Suppose -19*x + 1092 = -m*x. What is the units digit of x?
3
Let p = -891 - -1507. Suppose -13*x + 108 = -7*x. What is the units digit of p/x - (-18)/(-81)?
4
Let m be 1/3*0/(-3). Suppose m*b + b = 2. Suppose 3*j - 349 = b. What is the units digit of j?
7
Let s(t) = 2001*t + 593. What is the hundreds digit of s(4)?
5
Let s be 26/10 + (28/20 - 1). Suppose 2*j - 6*d = -d + 106, 2*d - 121 = -s*j. What is the tens digit of j?
4
Let p(k) = -k**3 + 14*k**2 - 12*k - 11. Let g be 3/(5 + 185/(-50) + -1). What is the hundreds digit of p(g)?
2
Let w be (-86 - 11) + 1 + 2 + 1. Let a = w - -96. Suppose 4*b - 360 = b + a*m, 4*b - 3*m = 478. What is the tens digit of b?
1
Suppose 2*s + 168 - 646 = 0. What is the tens digit of s?
3
Let b(r) = 7*r + 38. Let m be b(9). Let j = 176 - m. What is the tens digit of j?
7
Let t(q) = 5*q**2 + 7*q + 5. Let b be t(-2). Let y(w) = -2*w + 55. What is the tens digit of y(b)?
3
Suppose -2*m = -4*h - 281 + 11, -2*m = -5*h - 265. Let t = -20 + 25. Suppose -t*g = -m + 15. What is the tens digit of g?
2
Suppose -u - 27 = -3*b, 3*b - 41 - 34 = 3*u. What is the tens digit of 81/6*(-208)/u?
1
Suppose 19*g = 17*g - 4*s + 2, 2*s = -4. Suppose -4*t + 4*h + 6652 = 0, -2168 - 6111 = -g*t - 4*h. What is the hundreds digit of t?
6
Suppose 4268*o - 4269*o + 5278 = 0. What is the hundreds digit of o?
2
Let x(n) = -1460 + 11*n**2 - n + 1446 - 4*n + 2*n**2. What is the hundreds digit of x(5)?
2
Suppose -8*q = -26750 - 17626. What is the units digit of q?
7
Let s(j) = 16*j**3 - 10*j**2 + 45*j - 208. What is the thousands digit of s(7)?
5
Let t(k) = 45*k**2 + 768*k + 225. What is the thousands digit of t(-37)?
3
Let k(v) = -28*v**3 - 7*v**2 - 126*v - 631. What is the thousands digit of k(-5)?
3
What is the thousands digit of (-18)/(-4)*(2016 + (-12 - 10))?
8
Suppose 0 = -4*p - 4*l - 2076, -1557 = 5*p - 2*p - 3*l. Let c = p - -915. What is the hundreds digit of c?
3
Let p = 353 + -348. Let x(u) = 5*u**3 - 6*u**2 + 8*u - 9. What is the hundreds digit of x(p)?
5
Suppose 0 = 2*y + 5*f - 128809 + 33747, -5*y + 237598 = 3*f. What is the thousands digit of y?
7
Let m(v) = 627*v - 522. What is the thousands digit of m(8)?
4
What is the units digit of 10/(-4)*346866/(-65)?
1
Let h(p) = 2*p**3 + 21*p**2 - 11*p + 5. Let r be h(-11). What is the units digit of (0 + 136 - r)/1?
1
Let i be 50/(-18) - 10/45. Let m(h) = 5*h**2 - 4*h + 10. Let l(d) = d. Let p(t) = i*l(t) + m(t). What is the hundreds digit of p(5)?
1
Suppose 5*h - 119 = 2*j + 36, 4*j - 152 = -4*h. Suppose -2*f = 4, 3 - h = -4*y + 5*f. Suppose 7*c - 4*c = 0, 40 = 4*p - y*c. What is the tens digit of p?
1
Suppose 3*m - 3*f - 22580 - 11368 = 0, -11336 = -m - 3*f. What is the ten thousands digit of m?
1
Suppose -n = -16 - 6. Let h(v) = v**3 + 13*v**2 + 40*v + 45. Let s be h(-9). What is the units digit of (-3)/s*-3 + n?
3
Suppose -24*l = -86*l + 85250. What is the units digit of l?
5
Suppose -r = v - 29245, 0 = -3*r + 7*v - 11*v + 87728. What is the hundreds digit of r?
2
Let i = -4547 + 22565. What is the tens digit of i?
1
Let t(g) = 85*g**3 - 118*g**2 + 764*g. What is the units digit of t(7)?
1
Suppose 0*g = -4*g + 20. Let q be (-4)/(-4)*(-2 + 8/2). What is the units digit of (g/10)/1 + 85/q?
3
What is the thousands digit of (-1156 - -5)*1/((-9)/90)?
1
Suppose 8 = -2*h + 12. Suppose h*t - 644 = 4*a, -3*t = 2*t + 2*a - 1574. What is the tens digit of t?
1
Let w(b) = 6*b + 84. Let z be w(17). Let g = z + -98. What is the units digit of g?